{"id":78,"date":"2022-01-12T23:22:51","date_gmt":"2022-01-12T23:22:51","guid":{"rendered":"https:\/\/el-personalorganizer.ch\/?page_id=78"},"modified":"2023-05-09T00:39:01","modified_gmt":"2023-05-09T00:39:01","slug":"a-propos","status":"publish","type":"page","link":"https:\/\/el-personalorganizer.ch\/?page_id=78","title":{"rendered":"A propos"},"content":{"rendered":"\t\t<div data-elementor-type=\"wp-page\" data-elementor-id=\"78\" class=\"elementor elementor-78\" data-elementor-post-type=\"page\">\n\t\t\t\t\t\t<section data-particle_enable=\"false\" data-particle-mobile-disabled=\"false\" class=\"elementor-section elementor-top-section elementor-element elementor-element-154c68a9 elementor-section-height-min-height elementor-section-boxed elementor-section-height-default elementor-section-items-middle\" data-id=\"154c68a9\" data-element_type=\"section\" data-e-type=\"section\" data-settings=\"{&quot;background_background&quot;:&quot;classic&quot;,&quot;shape_divider_bottom&quot;:&quot;tilt&quot;}\">\n\t\t\t\t\t<div class=\"elementor-shape elementor-shape-bottom\" aria-hidden=\"true\" data-negative=\"false\">\n\t\t\t<svg xmlns=\"http:\/\/www.w3.org\/2000\/svg\" viewBox=\"0 0 1000 100\" preserveAspectRatio=\"none\">\n\t<path class=\"elementor-shape-fill\" d=\"M0,6V0h1000v100L0,6z\"\/>\n<\/svg>\t\t<\/div>\n\t\t\t\t\t<div class=\"elementor-container elementor-column-gap-default\">\n\t\t\t\t\t<div class=\"elementor-column elementor-col-100 elementor-top-column elementor-element elementor-element-3dbad824\" data-id=\"3dbad824\" data-element_type=\"column\" data-e-type=\"column\">\n\t\t\t<div class=\"elementor-widget-wrap elementor-element-populated\">\n\t\t\t\t\t\t\t<\/div>\n\t\t<\/div>\n\t\t\t\t\t<\/div>\n\t\t<\/section>\n\t\t\t\t<section data-particle_enable=\"false\" data-particle-mobile-disabled=\"false\" class=\"elementor-section elementor-top-section elementor-element elementor-element-7b2e701a elementor-section-boxed elementor-section-height-default elementor-section-height-default\" data-id=\"7b2e701a\" data-element_type=\"section\" data-e-type=\"section\">\n\t\t\t\t\t\t<div class=\"elementor-container elementor-column-gap-no\">\n\t\t\t\t\t<div class=\"elementor-column elementor-col-50 elementor-top-column elementor-element elementor-element-457380c5\" data-id=\"457380c5\" data-element_type=\"column\" data-e-type=\"column\" data-settings=\"{&quot;background_background&quot;:&quot;classic&quot;}\">\n\t\t\t<div class=\"elementor-widget-wrap elementor-element-populated\">\n\t\t\t\t\t\t<div class=\"elementor-element elementor-element-688b5e8e elementor-widget__width-initial elementor-widget-tablet__width-initial elementor-widget-mobile__width-initial elementor-absolute elementor-invisible elementor-widget elementor-widget-image\" data-id=\"688b5e8e\" data-element_type=\"widget\" data-e-type=\"widget\" data-settings=\"{&quot;motion_fx_motion_fx_mouse&quot;:&quot;yes&quot;,&quot;_animation&quot;:&quot;fadeInLeft&quot;,&quot;motion_fx_mouseTrack_effect&quot;:&quot;yes&quot;,&quot;motion_fx_mouseTrack_speed&quot;:{&quot;unit&quot;:&quot;px&quot;,&quot;size&quot;:0.1000000000000000055511151231257827021181583404541015625,&quot;sizes&quot;:[]},&quot;_position&quot;:&quot;absolute&quot;}\" data-widget_type=\"image.default\">\n\t\t\t\t<div class=\"elementor-widget-container\">\n\t\t\t\t\t\t\t\t\t\t\t\t\t\t\t<img fetchpriority=\"high\" decoding=\"async\" width=\"1080\" height=\"1701\" src=\"https:\/\/el-personalorganizer.ch\/wp-content\/uploads\/2022\/02\/29-1.jpg\" class=\"attachment-full size-full wp-image-366\" alt=\"\" srcset=\"https:\/\/el-personalorganizer.ch\/wp-content\/uploads\/2022\/02\/29-1.jpg 1080w, https:\/\/el-personalorganizer.ch\/wp-content\/uploads\/2022\/02\/29-1-190x300.jpg 190w, https:\/\/el-personalorganizer.ch\/wp-content\/uploads\/2022\/02\/29-1-650x1024.jpg 650w, https:\/\/el-personalorganizer.ch\/wp-content\/uploads\/2022\/02\/29-1-768x1210.jpg 768w, https:\/\/el-personalorganizer.ch\/wp-content\/uploads\/2022\/02\/29-1-975x1536.jpg 975w, https:\/\/el-personalorganizer.ch\/wp-content\/uploads\/2022\/02\/29-1-600x945.jpg 600w\" sizes=\"(max-width: 1080px) 100vw, 1080px\" \/>\t\t\t\t\t\t\t\t\t\t\t\t\t\t\t<\/div>\n\t\t\t\t<\/div>\n\t\t\t\t<div class=\"elementor-element elementor-element-69cc57a4 elementor-widget__width-initial elementor-widget-tablet__width-initial elementor-widget-mobile__width-initial elementor-absolute elementor-invisible elementor-widget elementor-widget-image\" data-id=\"69cc57a4\" data-element_type=\"widget\" data-e-type=\"widget\" data-settings=\"{&quot;motion_fx_motion_fx_mouse&quot;:&quot;yes&quot;,&quot;_animation&quot;:&quot;fadeInLeft&quot;,&quot;motion_fx_mouseTrack_effect&quot;:&quot;yes&quot;,&quot;motion_fx_mouseTrack_direction&quot;:&quot;negative&quot;,&quot;motion_fx_mouseTrack_speed&quot;:{&quot;unit&quot;:&quot;px&quot;,&quot;size&quot;:0.1000000000000000055511151231257827021181583404541015625,&quot;sizes&quot;:[]},&quot;_position&quot;:&quot;absolute&quot;}\" data-widget_type=\"image.default\">\n\t\t\t\t<div class=\"elementor-widget-container\">\n\t\t\t\t\t\t\t\t\t\t\t\t\t\t\t<img decoding=\"async\" width=\"291\" height=\"800\" src=\"https:\/\/el-personalorganizer.ch\/wp-content\/uploads\/2022\/01\/shape2-1.png\" class=\"attachment-full size-full wp-image-87\" alt=\"\" srcset=\"https:\/\/el-personalorganizer.ch\/wp-content\/uploads\/2022\/01\/shape2-1.png 291w, https:\/\/el-personalorganizer.ch\/wp-content\/uploads\/2022\/01\/shape2-1-109x300.png 109w\" sizes=\"(max-width: 291px) 100vw, 291px\" \/>\t\t\t\t\t\t\t\t\t\t\t\t\t\t\t<\/div>\n\t\t\t\t<\/div>\n\t\t\t\t<div class=\"elementor-element elementor-element-24b6a745 elementor-widget__width-initial elementor-absolute elementor-invisible elementor-widget elementor-widget-image\" data-id=\"24b6a745\" data-element_type=\"widget\" data-e-type=\"widget\" data-settings=\"{&quot;motion_fx_motion_fx_mouse&quot;:&quot;yes&quot;,&quot;_animation&quot;:&quot;fadeInLeft&quot;,&quot;motion_fx_mouseTrack_effect&quot;:&quot;yes&quot;,&quot;motion_fx_mouseTrack_speed&quot;:{&quot;unit&quot;:&quot;px&quot;,&quot;size&quot;:0.1000000000000000055511151231257827021181583404541015625,&quot;sizes&quot;:[]},&quot;_position&quot;:&quot;absolute&quot;,&quot;motion_fx_mouseTrack_direction&quot;:&quot;negative&quot;}\" data-widget_type=\"image.default\">\n\t\t\t\t<div class=\"elementor-widget-container\">\n\t\t\t\t\t\t\t\t\t\t\t\t\t\t\t<img decoding=\"async\" width=\"419\" height=\"600\" src=\"https:\/\/el-personalorganizer.ch\/wp-content\/uploads\/2022\/01\/Rectangle-2s.png\" class=\"attachment-full size-full wp-image-82\" alt=\"\" srcset=\"https:\/\/el-personalorganizer.ch\/wp-content\/uploads\/2022\/01\/Rectangle-2s.png 419w, https:\/\/el-personalorganizer.ch\/wp-content\/uploads\/2022\/01\/Rectangle-2s-210x300.png 210w\" sizes=\"(max-width: 419px) 100vw, 419px\" \/>\t\t\t\t\t\t\t\t\t\t\t\t\t\t\t<\/div>\n\t\t\t\t<\/div>\n\t\t\t\t\t<\/div>\n\t\t<\/div>\n\t\t\t\t<div class=\"elementor-column elementor-col-50 elementor-top-column elementor-element elementor-element-74512922 elementor-invisible\" data-id=\"74512922\" data-element_type=\"column\" data-e-type=\"column\" data-settings=\"{&quot;animation&quot;:&quot;fadeInRight&quot;}\">\n\t\t\t<div class=\"elementor-widget-wrap elementor-element-populated\">\n\t\t\t\t\t\t<div class=\"elementor-element elementor-element-b6a74a elementor-widget elementor-widget-heading\" data-id=\"b6a74a\" data-element_type=\"widget\" data-e-type=\"widget\" data-widget_type=\"heading.default\">\n\t\t\t\t<div class=\"elementor-widget-container\">\n\t\t\t\t\t<h6 class=\"elementor-heading-title elementor-size-default\"> CR\u00c9ATRICE DE EL PERSONAL ORGANIZER<\/h6>\t\t\t\t<\/div>\n\t\t\t\t<\/div>\n\t\t\t\t<div class=\"elementor-element elementor-element-24096194 elementor-widget elementor-widget-heading\" data-id=\"24096194\" data-element_type=\"widget\" data-e-type=\"widget\" data-widget_type=\"heading.default\">\n\t\t\t\t<div class=\"elementor-widget-container\">\n\t\t\t\t\t<h2 class=\"elementor-heading-title elementor-size-default\">\n<\/h2>\t\t\t\t<\/div>\n\t\t\t\t<\/div>\n\t\t\t\t<div class=\"elementor-element elementor-element-c1a976f elementor-widget elementor-widget-text-editor\" data-id=\"c1a976f\" data-element_type=\"widget\" data-e-type=\"widget\" data-widget_type=\"text-editor.default\">\n\t\t\t\t<div class=\"elementor-widget-container\">\n\t\t\t\t\t\t\t\t\t<div dir=\"ltr\">EL Personal Organizer est une entreprise sp\u00e9cialis\u00e9e dans l&rsquo;organisation d&rsquo;espaces r\u00e9sidentiels, commerciaux et le d\u00e9m\u00e9nagement. \u00a0Fond\u00e9e en 2019 par Eliete dos Santos Luthi, une professionnelle comp\u00e9tente dans le domaine de l&rsquo;organisation.<\/div><div dir=\"ltr\">.<\/div><div dir=\"ltr\">Avant de devenir personal organizer,\u00a0 Eliete s&rsquo;est form\u00e9e\u00a0 en administration d&rsquo;entreprises, et elle g\u00e9rait \u00e9galement \u00a0sa propre boutique de v\u00eatements pour femmes, mais ce qu&rsquo;elle aimait vraiment, c&rsquo;\u00e9tait cet univers d&rsquo;organisation,\u00a0 d&rsquo;art de la table et de d\u00e9coration.<\/div><div dir=\"ltr\">.<br \/>Eliete est certifi\u00e9 personal organizer par \u00a0 la m\u00e9thode Reorganize de Priscila S\u00e1boia au Br\u00e9sil.<\/div><div dir=\"ltr\">\u00a0<\/div><div dir=\"ltr\">Pour elle, organiser va bien au-del\u00e0 des plis parfaits, cela signifie apporter plus de qualit\u00e9 de vie, d\u2019\u00e9conomies et de gains de temps pour les clients et surtout respecter les besoins de chacun pour r\u00e9aliser le projet qui convient le mieux.<\/div><div dir=\"ltr\">\u00a0<\/div><div dir=\"ltr\"><div>Offrir un travail de qualit\u00e9 est ma priorit\u00e9.<\/div><\/div>\t\t\t\t\t\t\t\t<\/div>\n\t\t\t\t<\/div>\n\t\t\t\t<section data-particle_enable=\"false\" data-particle-mobile-disabled=\"false\" class=\"elementor-section elementor-inner-section elementor-element elementor-element-72d6598 elementor-section-boxed elementor-section-height-default elementor-section-height-default\" data-id=\"72d6598\" data-element_type=\"section\" data-e-type=\"section\">\n\t\t\t\t\t\t<div class=\"elementor-container elementor-column-gap-default\">\n\t\t\t\t\t<div class=\"elementor-column elementor-col-50 elementor-inner-column elementor-element elementor-element-fc74ee8\" data-id=\"fc74ee8\" data-element_type=\"column\" data-e-type=\"column\">\n\t\t\t<div class=\"elementor-widget-wrap elementor-element-populated\">\n\t\t\t\t\t\t<div class=\"elementor-element elementor-element-a32e485 elementor-align-center elementor-mobile-align-left elementor-widget elementor-widget-button\" data-id=\"a32e485\" data-element_type=\"widget\" data-e-type=\"widget\" data-widget_type=\"button.default\">\n\t\t\t\t<div class=\"elementor-widget-container\">\n\t\t\t\t\t\t\t\t\t<div class=\"elementor-button-wrapper\">\n\t\t\t\t\t<a class=\"elementor-button elementor-button-link elementor-size-md elementor-animation-sink\" href=\"https:\/\/el-personalorganizer.ch\/services\/\">\n\t\t\t\t\t\t<span class=\"elementor-button-content-wrapper\">\n\t\t\t\t\t\t\t\t\t<span class=\"elementor-button-text\">Mes services<\/span>\n\t\t\t\t\t<\/span>\n\t\t\t\t\t<\/a>\n\t\t\t\t<\/div>\n\t\t\t\t\t\t\t\t<\/div>\n\t\t\t\t<\/div>\n\t\t\t\t\t<\/div>\n\t\t<\/div>\n\t\t\t\t<div class=\"elementor-column elementor-col-50 elementor-inner-column elementor-element elementor-element-65b1d67\" data-id=\"65b1d67\" data-element_type=\"column\" data-e-type=\"column\">\n\t\t\t<div class=\"elementor-widget-wrap elementor-element-populated\">\n\t\t\t\t\t\t<div class=\"elementor-element elementor-element-9b2f3eb elementor-align-center elementor-mobile-align-left elementor-widget elementor-widget-button\" data-id=\"9b2f3eb\" data-element_type=\"widget\" data-e-type=\"widget\" data-widget_type=\"button.default\">\n\t\t\t\t<div class=\"elementor-widget-container\">\n\t\t\t\t\t\t\t\t\t<div class=\"elementor-button-wrapper\">\n\t\t\t\t\t<a class=\"elementor-button elementor-button-link elementor-size-md elementor-animation-sink\" href=\"https:\/\/el-personalorganizer.ch\/contact\/\">\n\t\t\t\t\t\t<span class=\"elementor-button-content-wrapper\">\n\t\t\t\t\t\t\t\t\t<span class=\"elementor-button-text\">Contact<\/span>\n\t\t\t\t\t<\/span>\n\t\t\t\t\t<\/a>\n\t\t\t\t<\/div>\n\t\t\t\t\t\t\t\t<\/div>\n\t\t\t\t<\/div>\n\t\t\t\t\t<\/div>\n\t\t<\/div>\n\t\t\t\t\t<\/div>\n\t\t<\/section>\n\t\t\t\t\t<\/div>\n\t\t<\/div>\n\t\t\t\t\t<\/div>\n\t\t<\/section>\n\t\t\t\t<\/div>\n\t\t","protected":false},"excerpt":{"rendered":"<p>CR\u00c9ATRICE DE EL PERSONAL ORGANIZER EL Personal Organizer est une entreprise sp\u00e9cialis\u00e9e dans l&rsquo;organisation d&rsquo;espaces r\u00e9sidentiels, commerciaux et le d\u00e9m\u00e9nagement. \u00a0Fond\u00e9e en 2019 par Eliete dos Santos Luthi, une professionnelle comp\u00e9tente dans le domaine de l&rsquo;organisation..Avant de devenir personal organizer,\u00a0 Eliete s&rsquo;est form\u00e9e\u00a0 en administration d&rsquo;entreprises, et elle g\u00e9rait \u00e9galement \u00a0sa propre boutique de v\u00eatements [&hellip;]<\/p>\n","protected":false},"author":3,"featured_media":0,"parent":0,"menu_order":0,"comment_status":"closed","ping_status":"closed","template":"","meta":{"footnotes":""},"class_list":["post-78","page","type-page","status-publish","hentry"],"yoast_head":"<!-- This site is optimized with the Yoast SEO plugin v27.3 - https:\/\/yoast.com\/product\/yoast-seo-wordpress\/ -->\n<title>A propos - El Personal Organizer Gen\u00e8ve Suisse<\/title>\n<meta name=\"robots\" content=\"index, follow, max-snippet:-1, max-image-preview:large, max-video-preview:-1\" \/>\n<link rel=\"canonical\" href=\"https:\/\/el-personalorganizer.ch\/?page_id=78\" \/>\n<meta property=\"og:locale\" content=\"fr_FR\" \/>\n<meta property=\"og:type\" content=\"article\" \/>\n<meta property=\"og:title\" content=\"A propos - El Personal Organizer Gen\u00e8ve Suisse\" \/>\n<meta property=\"og:description\" content=\"CR\u00c9ATRICE DE EL PERSONAL ORGANIZER EL Personal Organizer est une entreprise sp\u00e9cialis\u00e9e dans l&rsquo;organisation d&rsquo;espaces r\u00e9sidentiels, commerciaux et le d\u00e9m\u00e9nagement. \u00a0Fond\u00e9e en 2019 par Eliete dos Santos Luthi, une professionnelle comp\u00e9tente dans le domaine de l&rsquo;organisation..Avant de devenir personal organizer,\u00a0 Eliete s&rsquo;est form\u00e9e\u00a0 en administration d&rsquo;entreprises, et elle g\u00e9rait \u00e9galement \u00a0sa propre boutique de v\u00eatements [&hellip;]\" \/>\n<meta property=\"og:url\" content=\"https:\/\/el-personalorganizer.ch\/?page_id=78\" \/>\n<meta property=\"og:site_name\" content=\"El Personal Organizer Gen\u00e8ve Suisse\" \/>\n<meta property=\"article:modified_time\" content=\"2023-05-09T00:39:01+00:00\" \/>\n<meta property=\"og:image\" content=\"https:\/\/el-personalorganizer.ch\/wp-content\/uploads\/2022\/02\/29-1.jpg\" \/>\n<meta name=\"twitter:card\" content=\"summary_large_image\" \/>\n<meta name=\"twitter:label1\" content=\"Dur\u00e9e de lecture estim\u00e9e\" \/>\n\t<meta name=\"twitter:data1\" content=\"2 minutes\" \/>\n<script type=\"application\/ld+json\" class=\"yoast-schema-graph\">{\"@context\":\"https:\\\/\\\/schema.org\",\"@graph\":[{\"@type\":\"WebPage\",\"@id\":\"https:\\\/\\\/el-personalorganizer.ch\\\/?page_id=78\",\"url\":\"https:\\\/\\\/el-personalorganizer.ch\\\/?page_id=78\",\"name\":\"A propos - El Personal Organizer Gen\u00e8ve Suisse\",\"isPartOf\":{\"@id\":\"https:\\\/\\\/el-personalorganizer.ch\\\/#website\"},\"primaryImageOfPage\":{\"@id\":\"https:\\\/\\\/el-personalorganizer.ch\\\/?page_id=78#primaryimage\"},\"image\":{\"@id\":\"https:\\\/\\\/el-personalorganizer.ch\\\/?page_id=78#primaryimage\"},\"thumbnailUrl\":\"https:\\\/\\\/el-personalorganizer.ch\\\/wp-content\\\/uploads\\\/2022\\\/02\\\/29-1.jpg\",\"datePublished\":\"2022-01-12T23:22:51+00:00\",\"dateModified\":\"2023-05-09T00:39:01+00:00\",\"breadcrumb\":{\"@id\":\"https:\\\/\\\/el-personalorganizer.ch\\\/?page_id=78#breadcrumb\"},\"inLanguage\":\"fr-FR\",\"potentialAction\":[{\"@type\":\"ReadAction\",\"target\":[\"https:\\\/\\\/el-personalorganizer.ch\\\/?page_id=78\"]}]},{\"@type\":\"ImageObject\",\"inLanguage\":\"fr-FR\",\"@id\":\"https:\\\/\\\/el-personalorganizer.ch\\\/?page_id=78#primaryimage\",\"url\":\"https:\\\/\\\/el-personalorganizer.ch\\\/wp-content\\\/uploads\\\/2022\\\/02\\\/29-1.jpg\",\"contentUrl\":\"https:\\\/\\\/el-personalorganizer.ch\\\/wp-content\\\/uploads\\\/2022\\\/02\\\/29-1.jpg\",\"width\":1080,\"height\":1701},{\"@type\":\"BreadcrumbList\",\"@id\":\"https:\\\/\\\/el-personalorganizer.ch\\\/?page_id=78#breadcrumb\",\"itemListElement\":[{\"@type\":\"ListItem\",\"position\":1,\"name\":\"Home\",\"item\":\"https:\\\/\\\/el-personalorganizer.ch\\\/\"},{\"@type\":\"ListItem\",\"position\":2,\"name\":\"A propos\"}]},{\"@type\":\"WebSite\",\"@id\":\"https:\\\/\\\/el-personalorganizer.ch\\\/#website\",\"url\":\"https:\\\/\\\/el-personalorganizer.ch\\\/\",\"name\":\"El Personal Organizer Gen\u00e8ve Suisse\",\"description\":\"Eliete Luthi personal organizer \u00e0 Gen\u00e8ve\",\"publisher\":{\"@id\":\"https:\\\/\\\/el-personalorganizer.ch\\\/#organization\"},\"potentialAction\":[{\"@type\":\"SearchAction\",\"target\":{\"@type\":\"EntryPoint\",\"urlTemplate\":\"https:\\\/\\\/el-personalorganizer.ch\\\/?s={search_term_string}\"},\"query-input\":{\"@type\":\"PropertyValueSpecification\",\"valueRequired\":true,\"valueName\":\"search_term_string\"}}],\"inLanguage\":\"fr-FR\"},{\"@type\":\"Organization\",\"@id\":\"https:\\\/\\\/el-personalorganizer.ch\\\/#organization\",\"name\":\"El Personal Organizer Gen\u00e8ve Suisse\",\"url\":\"https:\\\/\\\/el-personalorganizer.ch\\\/\",\"logo\":{\"@type\":\"ImageObject\",\"inLanguage\":\"fr-FR\",\"@id\":\"https:\\\/\\\/el-personalorganizer.ch\\\/#\\\/schema\\\/logo\\\/image\\\/\",\"url\":\"https:\\\/\\\/el-personalorganizer.ch\\\/wp-content\\\/uploads\\\/2022\\\/03\\\/cropped-rsz_1logo-el-248x300-1.jpg\",\"contentUrl\":\"https:\\\/\\\/el-personalorganizer.ch\\\/wp-content\\\/uploads\\\/2022\\\/03\\\/cropped-rsz_1logo-el-248x300-1.jpg\",\"width\":512,\"height\":512,\"caption\":\"El Personal Organizer Gen\u00e8ve Suisse\"},\"image\":{\"@id\":\"https:\\\/\\\/el-personalorganizer.ch\\\/#\\\/schema\\\/logo\\\/image\\\/\"}}]}<\/script>\n<!-- \/ Yoast SEO plugin. -->","yoast_head_json":{"title":"A propos - El Personal Organizer Gen\u00e8ve Suisse","robots":{"index":"index","follow":"follow","max-snippet":"max-snippet:-1","max-image-preview":"max-image-preview:large","max-video-preview":"max-video-preview:-1"},"canonical":"https:\/\/el-personalorganizer.ch\/?page_id=78","og_locale":"fr_FR","og_type":"article","og_title":"A propos - El Personal Organizer Gen\u00e8ve Suisse","og_description":"CR\u00c9ATRICE DE EL PERSONAL ORGANIZER EL Personal Organizer est une entreprise sp\u00e9cialis\u00e9e dans l&rsquo;organisation d&rsquo;espaces r\u00e9sidentiels, commerciaux et le d\u00e9m\u00e9nagement. \u00a0Fond\u00e9e en 2019 par Eliete dos Santos Luthi, une professionnelle comp\u00e9tente dans le domaine de l&rsquo;organisation..Avant de devenir personal organizer,\u00a0 Eliete s&rsquo;est form\u00e9e\u00a0 en administration d&rsquo;entreprises, et elle g\u00e9rait \u00e9galement \u00a0sa propre boutique de v\u00eatements [&hellip;]","og_url":"https:\/\/el-personalorganizer.ch\/?page_id=78","og_site_name":"El Personal Organizer Gen\u00e8ve Suisse","article_modified_time":"2023-05-09T00:39:01+00:00","og_image":[{"url":"https:\/\/el-personalorganizer.ch\/wp-content\/uploads\/2022\/02\/29-1.jpg","type":"","width":"","height":""}],"twitter_card":"summary_large_image","twitter_misc":{"Dur\u00e9e de lecture estim\u00e9e":"2 minutes"},"schema":{"@context":"https:\/\/schema.org","@graph":[{"@type":"WebPage","@id":"https:\/\/el-personalorganizer.ch\/?page_id=78","url":"https:\/\/el-personalorganizer.ch\/?page_id=78","name":"A propos - El Personal Organizer Gen\u00e8ve Suisse","isPartOf":{"@id":"https:\/\/el-personalorganizer.ch\/#website"},"primaryImageOfPage":{"@id":"https:\/\/el-personalorganizer.ch\/?page_id=78#primaryimage"},"image":{"@id":"https:\/\/el-personalorganizer.ch\/?page_id=78#primaryimage"},"thumbnailUrl":"https:\/\/el-personalorganizer.ch\/wp-content\/uploads\/2022\/02\/29-1.jpg","datePublished":"2022-01-12T23:22:51+00:00","dateModified":"2023-05-09T00:39:01+00:00","breadcrumb":{"@id":"https:\/\/el-personalorganizer.ch\/?page_id=78#breadcrumb"},"inLanguage":"fr-FR","potentialAction":[{"@type":"ReadAction","target":["https:\/\/el-personalorganizer.ch\/?page_id=78"]}]},{"@type":"ImageObject","inLanguage":"fr-FR","@id":"https:\/\/el-personalorganizer.ch\/?page_id=78#primaryimage","url":"https:\/\/el-personalorganizer.ch\/wp-content\/uploads\/2022\/02\/29-1.jpg","contentUrl":"https:\/\/el-personalorganizer.ch\/wp-content\/uploads\/2022\/02\/29-1.jpg","width":1080,"height":1701},{"@type":"BreadcrumbList","@id":"https:\/\/el-personalorganizer.ch\/?page_id=78#breadcrumb","itemListElement":[{"@type":"ListItem","position":1,"name":"Home","item":"https:\/\/el-personalorganizer.ch\/"},{"@type":"ListItem","position":2,"name":"A propos"}]},{"@type":"WebSite","@id":"https:\/\/el-personalorganizer.ch\/#website","url":"https:\/\/el-personalorganizer.ch\/","name":"El Personal Organizer Gen\u00e8ve Suisse","description":"Eliete Luthi personal organizer \u00e0 Gen\u00e8ve","publisher":{"@id":"https:\/\/el-personalorganizer.ch\/#organization"},"potentialAction":[{"@type":"SearchAction","target":{"@type":"EntryPoint","urlTemplate":"https:\/\/el-personalorganizer.ch\/?s={search_term_string}"},"query-input":{"@type":"PropertyValueSpecification","valueRequired":true,"valueName":"search_term_string"}}],"inLanguage":"fr-FR"},{"@type":"Organization","@id":"https:\/\/el-personalorganizer.ch\/#organization","name":"El Personal Organizer Gen\u00e8ve Suisse","url":"https:\/\/el-personalorganizer.ch\/","logo":{"@type":"ImageObject","inLanguage":"fr-FR","@id":"https:\/\/el-personalorganizer.ch\/#\/schema\/logo\/image\/","url":"https:\/\/el-personalorganizer.ch\/wp-content\/uploads\/2022\/03\/cropped-rsz_1logo-el-248x300-1.jpg","contentUrl":"https:\/\/el-personalorganizer.ch\/wp-content\/uploads\/2022\/03\/cropped-rsz_1logo-el-248x300-1.jpg","width":512,"height":512,"caption":"El Personal Organizer Gen\u00e8ve Suisse"},"image":{"@id":"https:\/\/el-personalorganizer.ch\/#\/schema\/logo\/image\/"}}]}},"_links":{"self":[{"href":"https:\/\/el-personalorganizer.ch\/index.php?rest_route=\/wp\/v2\/pages\/78","targetHints":{"allow":["GET"]}}],"collection":[{"href":"https:\/\/el-personalorganizer.ch\/index.php?rest_route=\/wp\/v2\/pages"}],"about":[{"href":"https:\/\/el-personalorganizer.ch\/index.php?rest_route=\/wp\/v2\/types\/page"}],"author":[{"embeddable":true,"href":"https:\/\/el-personalorganizer.ch\/index.php?rest_route=\/wp\/v2\/users\/3"}],"replies":[{"embeddable":true,"href":"https:\/\/el-personalorganizer.ch\/index.php?rest_route=%2Fwp%2Fv2%2Fcomments&post=78"}],"version-history":[{"count":0,"href":"https:\/\/el-personalorganizer.ch\/index.php?rest_route=\/wp\/v2\/pages\/78\/revisions"}],"wp:attachment":[{"href":"https:\/\/el-personalorganizer.ch\/index.php?rest_route=%2Fwp%2Fv2%2Fmedia&parent=78"}],"curies":[{"name":"wp","href":"https:\/\/api.w.org\/{rel}","templated":true}]}}