{"id":496,"date":"2022-02-24T14:38:02","date_gmt":"2022-02-24T14:38:02","guid":{"rendered":"https:\/\/el-personalorganizer.ch\/?page_id=496"},"modified":"2022-10-12T10:07:27","modified_gmt":"2022-10-12T10:07:27","slug":"demenagement","status":"publish","type":"page","link":"https:\/\/el-personalorganizer.ch\/?page_id=496","title":{"rendered":"R\u00e9sidence"},"content":{"rendered":"\t\t<div data-elementor-type=\"wp-page\" data-elementor-id=\"496\" class=\"elementor elementor-496\" data-elementor-post-type=\"page\">\n\t\t\t\t\t\t<section data-particle_enable=\"false\" data-particle-mobile-disabled=\"false\" class=\"elementor-section elementor-top-section elementor-element elementor-element-9785e78 elementor-section-height-min-height elementor-section-boxed elementor-section-height-default elementor-section-items-middle\" data-id=\"9785e78\" data-element_type=\"section\" data-e-type=\"section\" data-settings=\"{&quot;background_background&quot;:&quot;classic&quot;,&quot;shape_divider_bottom&quot;:&quot;tilt&quot;}\">\n\t\t\t\t\t\t\t<div class=\"elementor-background-overlay\"><\/div>\n\t\t\t\t\t\t<div class=\"elementor-shape elementor-shape-bottom\" aria-hidden=\"true\" data-negative=\"false\">\n\t\t\t<svg xmlns=\"http:\/\/www.w3.org\/2000\/svg\" viewBox=\"0 0 1000 100\" preserveAspectRatio=\"none\">\n\t<path class=\"elementor-shape-fill\" d=\"M0,6V0h1000v100L0,6z\"\/>\n<\/svg>\t\t<\/div>\n\t\t\t\t\t<div class=\"elementor-container elementor-column-gap-default\">\n\t\t\t\t\t<div class=\"elementor-column elementor-col-100 elementor-top-column elementor-element elementor-element-61c0af0\" data-id=\"61c0af0\" data-element_type=\"column\" data-e-type=\"column\">\n\t\t\t<div class=\"elementor-widget-wrap elementor-element-populated\">\n\t\t\t\t\t\t\t<\/div>\n\t\t<\/div>\n\t\t\t\t\t<\/div>\n\t\t<\/section>\n\t\t\t\t<section data-particle_enable=\"false\" data-particle-mobile-disabled=\"false\" class=\"elementor-section elementor-top-section elementor-element elementor-element-374a162 elementor-section-boxed elementor-section-height-default elementor-section-height-default\" data-id=\"374a162\" data-element_type=\"section\" data-e-type=\"section\">\n\t\t\t\t\t\t<div class=\"elementor-container elementor-column-gap-default\">\n\t\t\t\t\t<div class=\"elementor-column elementor-col-100 elementor-top-column elementor-element elementor-element-dc9b57f\" data-id=\"dc9b57f\" data-element_type=\"column\" data-e-type=\"column\">\n\t\t\t<div class=\"elementor-widget-wrap elementor-element-populated\">\n\t\t\t\t\t\t<div class=\"elementor-element elementor-element-3b2bd1f elementor-widget elementor-widget-text-editor\" data-id=\"3b2bd1f\" data-element_type=\"widget\" data-e-type=\"widget\" data-widget_type=\"text-editor.default\">\n\t\t\t\t<div class=\"elementor-widget-container\">\n\t\t\t\t\t\t\t\t\t<h4 style=\"text-align: center;\"><strong><span style=\"color: #339966;\"><br \/><br \/>Nous sommes \u00e0 votre disposition pour vous assister \u00e0 bien arranger votre futur appartement.<\/span><\/strong><\/h4>\t\t\t\t\t\t\t\t<\/div>\n\t\t\t\t<\/div>\n\t\t\t\t\t<\/div>\n\t\t<\/div>\n\t\t\t\t\t<\/div>\n\t\t<\/section>\n\t\t\t\t<section data-particle_enable=\"false\" data-particle-mobile-disabled=\"false\" class=\"elementor-section elementor-top-section elementor-element elementor-element-38555ac elementor-section-boxed elementor-section-height-default elementor-section-height-default\" data-id=\"38555ac\" data-element_type=\"section\" data-e-type=\"section\">\n\t\t\t\t\t\t<div class=\"elementor-container elementor-column-gap-default\">\n\t\t\t\t\t<div class=\"elementor-column elementor-col-100 elementor-top-column elementor-element elementor-element-3e98fc7\" data-id=\"3e98fc7\" data-element_type=\"column\" data-e-type=\"column\">\n\t\t\t<div class=\"elementor-widget-wrap elementor-element-populated\">\n\t\t\t\t\t\t<div class=\"elementor-element elementor-element-3f0696f elementor-widget elementor-widget-image\" data-id=\"3f0696f\" data-element_type=\"widget\" data-e-type=\"widget\" data-widget_type=\"image.default\">\n\t\t\t\t<div class=\"elementor-widget-container\">\n\t\t\t\t\t\t\t\t\t\t\t\t\t\t\t<img fetchpriority=\"high\" decoding=\"async\" width=\"437\" height=\"400\" src=\"https:\/\/el-personalorganizer.ch\/wp-content\/uploads\/2022\/02\/de.png\" class=\"attachment-large size-large wp-image-497\" alt=\"\" srcset=\"https:\/\/el-personalorganizer.ch\/wp-content\/uploads\/2022\/02\/de.png 437w, https:\/\/el-personalorganizer.ch\/wp-content\/uploads\/2022\/02\/de-300x275.png 300w\" sizes=\"(max-width: 437px) 100vw, 437px\" \/>\t\t\t\t\t\t\t\t\t\t\t\t\t\t\t<\/div>\n\t\t\t\t<\/div>\n\t\t\t\t\t<\/div>\n\t\t<\/div>\n\t\t\t\t\t<\/div>\n\t\t<\/section>\n\t\t\t\t<\/div>\n\t\t","protected":false},"excerpt":{"rendered":"<p>Nous sommes \u00e0 votre disposition pour vous assister \u00e0 bien arranger votre futur appartement.<\/p>\n","protected":false},"author":4,"featured_media":0,"parent":0,"menu_order":0,"comment_status":"closed","ping_status":"closed","template":"","meta":{"footnotes":""},"class_list":["post-496","page","type-page","status-publish","hentry"],"yoast_head":"<!-- This site is optimized with the Yoast SEO plugin v27.3 - https:\/\/yoast.com\/product\/yoast-seo-wordpress\/ -->\n<title>R\u00e9sidence - El Personal Organizer Gen\u00e8ve Suisse<\/title>\n<meta name=\"robots\" content=\"index, follow, max-snippet:-1, max-image-preview:large, max-video-preview:-1\" \/>\n<link rel=\"canonical\" href=\"https:\/\/el-personalorganizer.ch\/?page_id=496\" \/>\n<meta property=\"og:locale\" content=\"fr_FR\" \/>\n<meta property=\"og:type\" content=\"article\" \/>\n<meta property=\"og:title\" content=\"R\u00e9sidence - El Personal Organizer Gen\u00e8ve Suisse\" \/>\n<meta property=\"og:description\" content=\"Nous sommes \u00e0 votre disposition pour vous assister \u00e0 bien arranger votre futur appartement.\" \/>\n<meta property=\"og:url\" content=\"https:\/\/el-personalorganizer.ch\/?page_id=496\" \/>\n<meta property=\"og:site_name\" content=\"El Personal Organizer Gen\u00e8ve Suisse\" \/>\n<meta property=\"article:modified_time\" content=\"2022-10-12T10:07:27+00:00\" \/>\n<meta property=\"og:image\" content=\"https:\/\/el-personalorganizer.ch\/wp-content\/uploads\/2022\/02\/de.png\" \/>\n<meta name=\"twitter:card\" content=\"summary_large_image\" \/>\n<script type=\"application\/ld+json\" class=\"yoast-schema-graph\">{\"@context\":\"https:\\\/\\\/schema.org\",\"@graph\":[{\"@type\":\"WebPage\",\"@id\":\"https:\\\/\\\/el-personalorganizer.ch\\\/?page_id=496\",\"url\":\"https:\\\/\\\/el-personalorganizer.ch\\\/?page_id=496\",\"name\":\"R\u00e9sidence - El Personal Organizer Gen\u00e8ve Suisse\",\"isPartOf\":{\"@id\":\"https:\\\/\\\/el-personalorganizer.ch\\\/#website\"},\"primaryImageOfPage\":{\"@id\":\"https:\\\/\\\/el-personalorganizer.ch\\\/?page_id=496#primaryimage\"},\"image\":{\"@id\":\"https:\\\/\\\/el-personalorganizer.ch\\\/?page_id=496#primaryimage\"},\"thumbnailUrl\":\"https:\\\/\\\/el-personalorganizer.ch\\\/wp-content\\\/uploads\\\/2022\\\/02\\\/de.png\",\"datePublished\":\"2022-02-24T14:38:02+00:00\",\"dateModified\":\"2022-10-12T10:07:27+00:00\",\"breadcrumb\":{\"@id\":\"https:\\\/\\\/el-personalorganizer.ch\\\/?page_id=496#breadcrumb\"},\"inLanguage\":\"fr-FR\",\"potentialAction\":[{\"@type\":\"ReadAction\",\"target\":[\"https:\\\/\\\/el-personalorganizer.ch\\\/?page_id=496\"]}]},{\"@type\":\"ImageObject\",\"inLanguage\":\"fr-FR\",\"@id\":\"https:\\\/\\\/el-personalorganizer.ch\\\/?page_id=496#primaryimage\",\"url\":\"https:\\\/\\\/el-personalorganizer.ch\\\/wp-content\\\/uploads\\\/2022\\\/02\\\/de.png\",\"contentUrl\":\"https:\\\/\\\/el-personalorganizer.ch\\\/wp-content\\\/uploads\\\/2022\\\/02\\\/de.png\",\"width\":437,\"height\":400},{\"@type\":\"BreadcrumbList\",\"@id\":\"https:\\\/\\\/el-personalorganizer.ch\\\/?page_id=496#breadcrumb\",\"itemListElement\":[{\"@type\":\"ListItem\",\"position\":1,\"name\":\"Home\",\"item\":\"https:\\\/\\\/el-personalorganizer.ch\\\/\"},{\"@type\":\"ListItem\",\"position\":2,\"name\":\"R\u00e9sidence\"}]},{\"@type\":\"WebSite\",\"@id\":\"https:\\\/\\\/el-personalorganizer.ch\\\/#website\",\"url\":\"https:\\\/\\\/el-personalorganizer.ch\\\/\",\"name\":\"El Personal Organizer Gen\u00e8ve Suisse\",\"description\":\"Eliete Luthi personal organizer \u00e0 Gen\u00e8ve\",\"publisher\":{\"@id\":\"https:\\\/\\\/el-personalorganizer.ch\\\/#organization\"},\"potentialAction\":[{\"@type\":\"SearchAction\",\"target\":{\"@type\":\"EntryPoint\",\"urlTemplate\":\"https:\\\/\\\/el-personalorganizer.ch\\\/?s={search_term_string}\"},\"query-input\":{\"@type\":\"PropertyValueSpecification\",\"valueRequired\":true,\"valueName\":\"search_term_string\"}}],\"inLanguage\":\"fr-FR\"},{\"@type\":\"Organization\",\"@id\":\"https:\\\/\\\/el-personalorganizer.ch\\\/#organization\",\"name\":\"El Personal Organizer Gen\u00e8ve Suisse\",\"url\":\"https:\\\/\\\/el-personalorganizer.ch\\\/\",\"logo\":{\"@type\":\"ImageObject\",\"inLanguage\":\"fr-FR\",\"@id\":\"https:\\\/\\\/el-personalorganizer.ch\\\/#\\\/schema\\\/logo\\\/image\\\/\",\"url\":\"https:\\\/\\\/el-personalorganizer.ch\\\/wp-content\\\/uploads\\\/2022\\\/03\\\/cropped-rsz_1logo-el-248x300-1.jpg\",\"contentUrl\":\"https:\\\/\\\/el-personalorganizer.ch\\\/wp-content\\\/uploads\\\/2022\\\/03\\\/cropped-rsz_1logo-el-248x300-1.jpg\",\"width\":512,\"height\":512,\"caption\":\"El Personal Organizer Gen\u00e8ve Suisse\"},\"image\":{\"@id\":\"https:\\\/\\\/el-personalorganizer.ch\\\/#\\\/schema\\\/logo\\\/image\\\/\"}}]}<\/script>\n<!-- \/ Yoast SEO plugin. -->","yoast_head_json":{"title":"R\u00e9sidence - El Personal Organizer Gen\u00e8ve Suisse","robots":{"index":"index","follow":"follow","max-snippet":"max-snippet:-1","max-image-preview":"max-image-preview:large","max-video-preview":"max-video-preview:-1"},"canonical":"https:\/\/el-personalorganizer.ch\/?page_id=496","og_locale":"fr_FR","og_type":"article","og_title":"R\u00e9sidence - El Personal Organizer Gen\u00e8ve Suisse","og_description":"Nous sommes \u00e0 votre disposition pour vous assister \u00e0 bien arranger votre futur appartement.","og_url":"https:\/\/el-personalorganizer.ch\/?page_id=496","og_site_name":"El Personal Organizer Gen\u00e8ve Suisse","article_modified_time":"2022-10-12T10:07:27+00:00","og_image":[{"url":"https:\/\/el-personalorganizer.ch\/wp-content\/uploads\/2022\/02\/de.png","type":"","width":"","height":""}],"twitter_card":"summary_large_image","schema":{"@context":"https:\/\/schema.org","@graph":[{"@type":"WebPage","@id":"https:\/\/el-personalorganizer.ch\/?page_id=496","url":"https:\/\/el-personalorganizer.ch\/?page_id=496","name":"R\u00e9sidence - El Personal Organizer Gen\u00e8ve Suisse","isPartOf":{"@id":"https:\/\/el-personalorganizer.ch\/#website"},"primaryImageOfPage":{"@id":"https:\/\/el-personalorganizer.ch\/?page_id=496#primaryimage"},"image":{"@id":"https:\/\/el-personalorganizer.ch\/?page_id=496#primaryimage"},"thumbnailUrl":"https:\/\/el-personalorganizer.ch\/wp-content\/uploads\/2022\/02\/de.png","datePublished":"2022-02-24T14:38:02+00:00","dateModified":"2022-10-12T10:07:27+00:00","breadcrumb":{"@id":"https:\/\/el-personalorganizer.ch\/?page_id=496#breadcrumb"},"inLanguage":"fr-FR","potentialAction":[{"@type":"ReadAction","target":["https:\/\/el-personalorganizer.ch\/?page_id=496"]}]},{"@type":"ImageObject","inLanguage":"fr-FR","@id":"https:\/\/el-personalorganizer.ch\/?page_id=496#primaryimage","url":"https:\/\/el-personalorganizer.ch\/wp-content\/uploads\/2022\/02\/de.png","contentUrl":"https:\/\/el-personalorganizer.ch\/wp-content\/uploads\/2022\/02\/de.png","width":437,"height":400},{"@type":"BreadcrumbList","@id":"https:\/\/el-personalorganizer.ch\/?page_id=496#breadcrumb","itemListElement":[{"@type":"ListItem","position":1,"name":"Home","item":"https:\/\/el-personalorganizer.ch\/"},{"@type":"ListItem","position":2,"name":"R\u00e9sidence"}]},{"@type":"WebSite","@id":"https:\/\/el-personalorganizer.ch\/#website","url":"https:\/\/el-personalorganizer.ch\/","name":"El Personal Organizer Gen\u00e8ve Suisse","description":"Eliete Luthi personal organizer \u00e0 Gen\u00e8ve","publisher":{"@id":"https:\/\/el-personalorganizer.ch\/#organization"},"potentialAction":[{"@type":"SearchAction","target":{"@type":"EntryPoint","urlTemplate":"https:\/\/el-personalorganizer.ch\/?s={search_term_string}"},"query-input":{"@type":"PropertyValueSpecification","valueRequired":true,"valueName":"search_term_string"}}],"inLanguage":"fr-FR"},{"@type":"Organization","@id":"https:\/\/el-personalorganizer.ch\/#organization","name":"El Personal Organizer Gen\u00e8ve Suisse","url":"https:\/\/el-personalorganizer.ch\/","logo":{"@type":"ImageObject","inLanguage":"fr-FR","@id":"https:\/\/el-personalorganizer.ch\/#\/schema\/logo\/image\/","url":"https:\/\/el-personalorganizer.ch\/wp-content\/uploads\/2022\/03\/cropped-rsz_1logo-el-248x300-1.jpg","contentUrl":"https:\/\/el-personalorganizer.ch\/wp-content\/uploads\/2022\/03\/cropped-rsz_1logo-el-248x300-1.jpg","width":512,"height":512,"caption":"El Personal Organizer Gen\u00e8ve Suisse"},"image":{"@id":"https:\/\/el-personalorganizer.ch\/#\/schema\/logo\/image\/"}}]}},"_links":{"self":[{"href":"https:\/\/el-personalorganizer.ch\/index.php?rest_route=\/wp\/v2\/pages\/496","targetHints":{"allow":["GET"]}}],"collection":[{"href":"https:\/\/el-personalorganizer.ch\/index.php?rest_route=\/wp\/v2\/pages"}],"about":[{"href":"https:\/\/el-personalorganizer.ch\/index.php?rest_route=\/wp\/v2\/types\/page"}],"author":[{"embeddable":true,"href":"https:\/\/el-personalorganizer.ch\/index.php?rest_route=\/wp\/v2\/users\/4"}],"replies":[{"embeddable":true,"href":"https:\/\/el-personalorganizer.ch\/index.php?rest_route=%2Fwp%2Fv2%2Fcomments&post=496"}],"version-history":[{"count":0,"href":"https:\/\/el-personalorganizer.ch\/index.php?rest_route=\/wp\/v2\/pages\/496\/revisions"}],"wp:attachment":[{"href":"https:\/\/el-personalorganizer.ch\/index.php?rest_route=%2Fwp%2Fv2%2Fmedia&parent=496"}],"curies":[{"name":"wp","href":"https:\/\/api.w.org\/{rel}","templated":true}]}}