{"id":130,"date":"2022-01-12T23:30:37","date_gmt":"2022-01-12T23:30:37","guid":{"rendered":"https:\/\/el-personalorganizer.ch\/?page_id=130"},"modified":"2022-04-15T09:22:57","modified_gmt":"2022-04-15T09:22:57","slug":"contact","status":"publish","type":"page","link":"https:\/\/el-personalorganizer.ch\/?page_id=130","title":{"rendered":"Contact"},"content":{"rendered":"\t\t<div data-elementor-type=\"wp-page\" data-elementor-id=\"130\" class=\"elementor elementor-130\" data-elementor-post-type=\"page\">\n\t\t\t\t\t\t<section data-particle_enable=\"false\" data-particle-mobile-disabled=\"false\" class=\"elementor-section elementor-top-section elementor-element elementor-element-5191fad elementor-section-boxed elementor-section-height-default elementor-section-height-default\" data-id=\"5191fad\" data-element_type=\"section\" data-e-type=\"section\">\n\t\t\t\t\t\t<div class=\"elementor-container elementor-column-gap-default\">\n\t\t\t\t\t<div class=\"elementor-column elementor-col-50 elementor-top-column elementor-element elementor-element-c2494f3\" data-id=\"c2494f3\" data-element_type=\"column\" data-e-type=\"column\">\n\t\t\t<div class=\"elementor-widget-wrap elementor-element-populated\">\n\t\t\t\t\t\t<div class=\"elementor-element elementor-element-0b17691 elementor-widget elementor-widget-image\" data-id=\"0b17691\" data-element_type=\"widget\" data-e-type=\"widget\" data-widget_type=\"image.default\">\n\t\t\t\t<div class=\"elementor-widget-container\">\n\t\t\t\t\t\t\t\t\t\t\t\t\t\t\t<img decoding=\"async\" src=\"https:\/\/el-personalorganizer.ch\/wp-content\/uploads\/elementor\/thumbs\/29-2-pmffe35bx6fdzbkcq2byjr0hgtfga9rag82sunvofk.jpg\" title=\"29 (2)\" alt=\"29 (2)\" loading=\"lazy\" \/>\t\t\t\t\t\t\t\t\t\t\t\t\t\t\t<\/div>\n\t\t\t\t<\/div>\n\t\t\t\t\t<\/div>\n\t\t<\/div>\n\t\t\t\t<div class=\"elementor-column elementor-col-50 elementor-top-column elementor-element elementor-element-17f88f0\" data-id=\"17f88f0\" data-element_type=\"column\" data-e-type=\"column\">\n\t\t\t<div class=\"elementor-widget-wrap elementor-element-populated\">\n\t\t\t\t\t\t<div class=\"elementor-element elementor-element-5da207c elementor-widget elementor-widget-text-editor\" data-id=\"5da207c\" data-element_type=\"widget\" data-e-type=\"widget\" data-widget_type=\"text-editor.default\">\n\t\t\t\t<div class=\"elementor-widget-container\">\n\t\t\t\t\t\t\t\t\t<h2>\u00a0<\/h2><h2>\u00a0<\/h2><h2>\u00a0<\/h2><h3 style=\"text-align: center;\"><span style=\"color: #339966;\"><strong>ELIETE LUTHI <\/strong><\/span><\/h3><h3 style=\"text-align: center;\"><span style=\"color: #339966;\">Personal Organizer<\/span><\/h3><p>\u00a0<\/p><p style=\"text-align: center;\"><strong><a href=\"mailto:elieteluthi.organizer@bluewin.ch\" target=\"_blank\" rel=\"noopener\"><span style=\"color: #339966;\">elieteluthi.organizer@bluewin.ch<\/span><\/a><\/strong><\/p><p style=\"text-align: center;\"><span style=\"color: #339966;\">+41(0)76 544 5589<\/span><\/p><p style=\"text-align: center;\"><span style=\"color: #339966;\">Gen\u00e8ve \u2013 Suisse<\/span><\/p>\t\t\t\t\t\t\t\t<\/div>\n\t\t\t\t<\/div>\n\t\t\t\t\t<\/div>\n\t\t<\/div>\n\t\t\t\t\t<\/div>\n\t\t<\/section>\n\t\t\t\t<\/div>\n\t\t","protected":false},"excerpt":{"rendered":"<p>\u00a0 \u00a0 \u00a0 ELIETE LUTHI Personal Organizer \u00a0 elieteluthi.organizer@bluewin.ch +41(0)76 544 5589 Gen\u00e8ve \u2013 Suisse<\/p>\n","protected":false},"author":3,"featured_media":0,"parent":0,"menu_order":0,"comment_status":"closed","ping_status":"closed","template":"","meta":{"footnotes":""},"class_list":["post-130","page","type-page","status-publish","hentry"],"yoast_head":"<!-- This site is optimized with the Yoast SEO plugin v27.3 - https:\/\/yoast.com\/product\/yoast-seo-wordpress\/ -->\n<title>Contact - El Personal Organizer Gen\u00e8ve Suisse<\/title>\n<meta name=\"robots\" content=\"index, follow, max-snippet:-1, max-image-preview:large, max-video-preview:-1\" \/>\n<link rel=\"canonical\" href=\"https:\/\/el-personalorganizer.ch\/?page_id=130\" \/>\n<meta property=\"og:locale\" content=\"fr_FR\" \/>\n<meta property=\"og:type\" content=\"article\" \/>\n<meta property=\"og:title\" content=\"Contact - El Personal Organizer Gen\u00e8ve Suisse\" \/>\n<meta property=\"og:description\" content=\"\u00a0 \u00a0 \u00a0 ELIETE LUTHI Personal Organizer \u00a0 elieteluthi.organizer@bluewin.ch +41(0)76 544 5589 Gen\u00e8ve \u2013 Suisse\" \/>\n<meta property=\"og:url\" content=\"https:\/\/el-personalorganizer.ch\/?page_id=130\" \/>\n<meta property=\"og:site_name\" content=\"El Personal Organizer Gen\u00e8ve Suisse\" \/>\n<meta property=\"article:modified_time\" content=\"2022-04-15T09:22:57+00:00\" \/>\n<meta property=\"og:image\" content=\"https:\/\/el-personalorganizer.ch\/wp-content\/uploads\/elementor\/thumbs\/29-2-pmffe35bx6fdzbkcq2byjr0hgtfga9rag82sunvofk.jpg\" \/>\n<meta name=\"twitter:card\" content=\"summary_large_image\" \/>\n<script type=\"application\/ld+json\" class=\"yoast-schema-graph\">{\"@context\":\"https:\\\/\\\/schema.org\",\"@graph\":[{\"@type\":\"WebPage\",\"@id\":\"https:\\\/\\\/el-personalorganizer.ch\\\/?page_id=130\",\"url\":\"https:\\\/\\\/el-personalorganizer.ch\\\/?page_id=130\",\"name\":\"Contact - El Personal Organizer Gen\u00e8ve Suisse\",\"isPartOf\":{\"@id\":\"https:\\\/\\\/el-personalorganizer.ch\\\/#website\"},\"primaryImageOfPage\":{\"@id\":\"https:\\\/\\\/el-personalorganizer.ch\\\/?page_id=130#primaryimage\"},\"image\":{\"@id\":\"https:\\\/\\\/el-personalorganizer.ch\\\/?page_id=130#primaryimage\"},\"thumbnailUrl\":\"https:\\\/\\\/el-personalorganizer.ch\\\/wp-content\\\/uploads\\\/elementor\\\/thumbs\\\/29-2-pmffe35bx6fdzbkcq2byjr0hgtfga9rag82sunvofk.jpg\",\"datePublished\":\"2022-01-12T23:30:37+00:00\",\"dateModified\":\"2022-04-15T09:22:57+00:00\",\"breadcrumb\":{\"@id\":\"https:\\\/\\\/el-personalorganizer.ch\\\/?page_id=130#breadcrumb\"},\"inLanguage\":\"fr-FR\",\"potentialAction\":[{\"@type\":\"ReadAction\",\"target\":[\"https:\\\/\\\/el-personalorganizer.ch\\\/?page_id=130\"]}]},{\"@type\":\"ImageObject\",\"inLanguage\":\"fr-FR\",\"@id\":\"https:\\\/\\\/el-personalorganizer.ch\\\/?page_id=130#primaryimage\",\"url\":\"https:\\\/\\\/el-personalorganizer.ch\\\/wp-content\\\/uploads\\\/elementor\\\/thumbs\\\/29-2-pmffe35bx6fdzbkcq2byjr0hgtfga9rag82sunvofk.jpg\",\"contentUrl\":\"https:\\\/\\\/el-personalorganizer.ch\\\/wp-content\\\/uploads\\\/elementor\\\/thumbs\\\/29-2-pmffe35bx6fdzbkcq2byjr0hgtfga9rag82sunvofk.jpg\"},{\"@type\":\"BreadcrumbList\",\"@id\":\"https:\\\/\\\/el-personalorganizer.ch\\\/?page_id=130#breadcrumb\",\"itemListElement\":[{\"@type\":\"ListItem\",\"position\":1,\"name\":\"Home\",\"item\":\"https:\\\/\\\/el-personalorganizer.ch\\\/\"},{\"@type\":\"ListItem\",\"position\":2,\"name\":\"Contact\"}]},{\"@type\":\"WebSite\",\"@id\":\"https:\\\/\\\/el-personalorganizer.ch\\\/#website\",\"url\":\"https:\\\/\\\/el-personalorganizer.ch\\\/\",\"name\":\"El Personal Organizer Gen\u00e8ve Suisse\",\"description\":\"Eliete Luthi personal organizer \u00e0 Gen\u00e8ve\",\"publisher\":{\"@id\":\"https:\\\/\\\/el-personalorganizer.ch\\\/#organization\"},\"potentialAction\":[{\"@type\":\"SearchAction\",\"target\":{\"@type\":\"EntryPoint\",\"urlTemplate\":\"https:\\\/\\\/el-personalorganizer.ch\\\/?s={search_term_string}\"},\"query-input\":{\"@type\":\"PropertyValueSpecification\",\"valueRequired\":true,\"valueName\":\"search_term_string\"}}],\"inLanguage\":\"fr-FR\"},{\"@type\":\"Organization\",\"@id\":\"https:\\\/\\\/el-personalorganizer.ch\\\/#organization\",\"name\":\"El Personal Organizer Gen\u00e8ve Suisse\",\"url\":\"https:\\\/\\\/el-personalorganizer.ch\\\/\",\"logo\":{\"@type\":\"ImageObject\",\"inLanguage\":\"fr-FR\",\"@id\":\"https:\\\/\\\/el-personalorganizer.ch\\\/#\\\/schema\\\/logo\\\/image\\\/\",\"url\":\"https:\\\/\\\/el-personalorganizer.ch\\\/wp-content\\\/uploads\\\/2022\\\/03\\\/cropped-rsz_1logo-el-248x300-1.jpg\",\"contentUrl\":\"https:\\\/\\\/el-personalorganizer.ch\\\/wp-content\\\/uploads\\\/2022\\\/03\\\/cropped-rsz_1logo-el-248x300-1.jpg\",\"width\":512,\"height\":512,\"caption\":\"El Personal Organizer Gen\u00e8ve Suisse\"},\"image\":{\"@id\":\"https:\\\/\\\/el-personalorganizer.ch\\\/#\\\/schema\\\/logo\\\/image\\\/\"}}]}<\/script>\n<!-- \/ Yoast SEO plugin. -->","yoast_head_json":{"title":"Contact - El Personal Organizer Gen\u00e8ve Suisse","robots":{"index":"index","follow":"follow","max-snippet":"max-snippet:-1","max-image-preview":"max-image-preview:large","max-video-preview":"max-video-preview:-1"},"canonical":"https:\/\/el-personalorganizer.ch\/?page_id=130","og_locale":"fr_FR","og_type":"article","og_title":"Contact - El Personal Organizer Gen\u00e8ve Suisse","og_description":"\u00a0 \u00a0 \u00a0 ELIETE LUTHI Personal Organizer \u00a0 elieteluthi.organizer@bluewin.ch +41(0)76 544 5589 Gen\u00e8ve \u2013 Suisse","og_url":"https:\/\/el-personalorganizer.ch\/?page_id=130","og_site_name":"El Personal Organizer Gen\u00e8ve Suisse","article_modified_time":"2022-04-15T09:22:57+00:00","og_image":[{"url":"https:\/\/el-personalorganizer.ch\/wp-content\/uploads\/elementor\/thumbs\/29-2-pmffe35bx6fdzbkcq2byjr0hgtfga9rag82sunvofk.jpg","type":"","width":"","height":""}],"twitter_card":"summary_large_image","schema":{"@context":"https:\/\/schema.org","@graph":[{"@type":"WebPage","@id":"https:\/\/el-personalorganizer.ch\/?page_id=130","url":"https:\/\/el-personalorganizer.ch\/?page_id=130","name":"Contact - El Personal Organizer Gen\u00e8ve Suisse","isPartOf":{"@id":"https:\/\/el-personalorganizer.ch\/#website"},"primaryImageOfPage":{"@id":"https:\/\/el-personalorganizer.ch\/?page_id=130#primaryimage"},"image":{"@id":"https:\/\/el-personalorganizer.ch\/?page_id=130#primaryimage"},"thumbnailUrl":"https:\/\/el-personalorganizer.ch\/wp-content\/uploads\/elementor\/thumbs\/29-2-pmffe35bx6fdzbkcq2byjr0hgtfga9rag82sunvofk.jpg","datePublished":"2022-01-12T23:30:37+00:00","dateModified":"2022-04-15T09:22:57+00:00","breadcrumb":{"@id":"https:\/\/el-personalorganizer.ch\/?page_id=130#breadcrumb"},"inLanguage":"fr-FR","potentialAction":[{"@type":"ReadAction","target":["https:\/\/el-personalorganizer.ch\/?page_id=130"]}]},{"@type":"ImageObject","inLanguage":"fr-FR","@id":"https:\/\/el-personalorganizer.ch\/?page_id=130#primaryimage","url":"https:\/\/el-personalorganizer.ch\/wp-content\/uploads\/elementor\/thumbs\/29-2-pmffe35bx6fdzbkcq2byjr0hgtfga9rag82sunvofk.jpg","contentUrl":"https:\/\/el-personalorganizer.ch\/wp-content\/uploads\/elementor\/thumbs\/29-2-pmffe35bx6fdzbkcq2byjr0hgtfga9rag82sunvofk.jpg"},{"@type":"BreadcrumbList","@id":"https:\/\/el-personalorganizer.ch\/?page_id=130#breadcrumb","itemListElement":[{"@type":"ListItem","position":1,"name":"Home","item":"https:\/\/el-personalorganizer.ch\/"},{"@type":"ListItem","position":2,"name":"Contact"}]},{"@type":"WebSite","@id":"https:\/\/el-personalorganizer.ch\/#website","url":"https:\/\/el-personalorganizer.ch\/","name":"El Personal Organizer Gen\u00e8ve Suisse","description":"Eliete Luthi personal organizer \u00e0 Gen\u00e8ve","publisher":{"@id":"https:\/\/el-personalorganizer.ch\/#organization"},"potentialAction":[{"@type":"SearchAction","target":{"@type":"EntryPoint","urlTemplate":"https:\/\/el-personalorganizer.ch\/?s={search_term_string}"},"query-input":{"@type":"PropertyValueSpecification","valueRequired":true,"valueName":"search_term_string"}}],"inLanguage":"fr-FR"},{"@type":"Organization","@id":"https:\/\/el-personalorganizer.ch\/#organization","name":"El Personal Organizer Gen\u00e8ve Suisse","url":"https:\/\/el-personalorganizer.ch\/","logo":{"@type":"ImageObject","inLanguage":"fr-FR","@id":"https:\/\/el-personalorganizer.ch\/#\/schema\/logo\/image\/","url":"https:\/\/el-personalorganizer.ch\/wp-content\/uploads\/2022\/03\/cropped-rsz_1logo-el-248x300-1.jpg","contentUrl":"https:\/\/el-personalorganizer.ch\/wp-content\/uploads\/2022\/03\/cropped-rsz_1logo-el-248x300-1.jpg","width":512,"height":512,"caption":"El Personal Organizer Gen\u00e8ve Suisse"},"image":{"@id":"https:\/\/el-personalorganizer.ch\/#\/schema\/logo\/image\/"}}]}},"_links":{"self":[{"href":"https:\/\/el-personalorganizer.ch\/index.php?rest_route=\/wp\/v2\/pages\/130","targetHints":{"allow":["GET"]}}],"collection":[{"href":"https:\/\/el-personalorganizer.ch\/index.php?rest_route=\/wp\/v2\/pages"}],"about":[{"href":"https:\/\/el-personalorganizer.ch\/index.php?rest_route=\/wp\/v2\/types\/page"}],"author":[{"embeddable":true,"href":"https:\/\/el-personalorganizer.ch\/index.php?rest_route=\/wp\/v2\/users\/3"}],"replies":[{"embeddable":true,"href":"https:\/\/el-personalorganizer.ch\/index.php?rest_route=%2Fwp%2Fv2%2Fcomments&post=130"}],"version-history":[{"count":0,"href":"https:\/\/el-personalorganizer.ch\/index.php?rest_route=\/wp\/v2\/pages\/130\/revisions"}],"wp:attachment":[{"href":"https:\/\/el-personalorganizer.ch\/index.php?rest_route=%2Fwp%2Fv2%2Fmedia&parent=130"}],"curies":[{"name":"wp","href":"https:\/\/api.w.org\/{rel}","templated":true}]}}